are the prime factors of f?
5
Suppose 3*r = -5*i + 24, 3*i = 2*r + 5 - 2. Let u = 8 - r. Suppose -39 = -2*x - y, u*x - 74 - 51 = 3*y. List the prime factors of x.
2, 11
Let d(r) = r - 10. Let x be d(12). Suppose 0*w + 3*z = 4*w - 508, -x*w - z = -254. Suppose -3*h + w = 28. What are the prime factors of h?
3, 11
Let a(i) = 557*i**2 + 26*i - 67. List the prime factors of a(3).
2, 157
Suppose -3 - 2 = -5*c - 5*k, 3*c + 2*k = 2. Suppose c = -i - 3*j + 39, 4*i = -i + 4*j + 252. What are the prime factors of i?
2, 3
Let k(b) = -b**3 - b**2 + 17*b + 1. What are the prime factors of k(-7)?
2, 11
Let l be 3*((-245)/15)/(-7). Suppose 13 = -r - 4*y, 11 = -3*r - l*y + 2*y. Suppose -187 - 47 = -r*z. List the prime factors of z.
2, 3, 13
List the prime factors of (-30)/7*(-84)/(-144)*-6.
3, 5
Let n = -30 - -43. Let g = n + -15. What are the prime factors of -1 + 11 + (g - 1)?
7
Let p = -760 - -1536. What are the prime factors of p?
2, 97
Let o(a) = 64*a - 18. Let d be o(12). Let z be 6/9*d/4. Suppose -5*j = 3*s - z, -3*j + j + 43 = s. List the prime factors of s.
5, 7
Let k(j) = 2*j**3 - 55*j**2 - 5*j + 92. List the prime factors of k(28).
2, 23
Suppose -20*u = -0*u - 6360. What are the prime factors of u?
2, 3, 53
Let c = -87 + 220. What are the prime factors of c?
7, 19
Let c = -226 + 255. List the prime factors of c.
29
Suppose 0 = 2*a, -a + 5*a = 4*m - 560. What are the prime factors of (18/(-10))/((-4)/m)?
3, 7
Suppose -28*j - 4*j + 88288 = 0. List the prime factors of j.
31, 89
Let v(t) = t**3 - t**2 + 774. What are the prime factors of v(0)?
2, 3, 43
Suppose q + 3*q - 256 = 4*f, -4*f - q - 261 = 0. Let n = -95 - -196. Let r = f + n. List the prime factors of r.
2, 3
Suppose -40800 = -11*j - 9*j. List the prime factors of j.
2, 3, 5, 17
Let r = 252 - 54. Let y = -54 + r. What are the prime factors of y?
2, 3
Let q(t) be the third derivative of -t**6/120 - 17*t**5/60 - 7*t**4/8 + t**3/2 + 27*t**2 - 2. What are the prime factors of q(-16)?
83
Suppose 0 = -3*x - 2 - 88. Let a be 0 - 2/(-2) - 49. Let u = x - a. What are the prime factors of u?
2, 3
Let f be (-1564)/14 + (-12)/42. Let i be (96/f)/(2/42). Let t = 30 + i. What are the prime factors of t?
2, 3
Let c = 7 + -4. Let i be 3 - 3 - (-10)/5. Suppose -c*h + 32 = -i*h. What are the prime factors of h?
2
Suppose -370 = -3*f - d - 48, f + 3*d = 102. Suppose 5*z - f = -i, -46 = -2*z + 4*i - 3*i. List the prime factors of z.
2, 11
Suppose -2*y - 5*f = -65 - 338, 353 = 2*y - 5*f. List the prime factors of y.
3, 7
Let z = 199 + -90. Suppose 0*o = o - 3*t - z, 3*o - 307 = 5*t. Let h = -52 + o. List the prime factors of h.
2, 3, 7
Let o(b) = b**3 - 6*b**2 + 3*b - 5. Let y be o(5). Let n be (-9)/(-2)*64/24. Let d = n - y. List the prime factors of d.
3
Let t(w) = 11*w**2 - w. Let a be t(1). What are the prime factors of (2 - 6/15)*575/a?
2, 23
Suppose 2*g - 3*g + 5 = 0. Suppose 0*p + g*p - 305 = 0. What are the prime factors of p?
61
Let p(a) = 9*a**2 + 5*a - 9. Let y(l) = 6*l**2 + 7*l**2 - l**2 - 9 + 6*l - 4*l**2. Let r(n) = -4*p(n) + 5*y(n). List the prime factors of r(-5).
41
Let y be ((-4)/(-3))/((-12)/(-90)). Let g = -22 + y. What are the prime factors of (-1)/4 + (-651)/g?
2, 3
Suppose 0*c + 5*c = 100. What are the prime factors of (4/(c/(-95)))/(-1)?
19
Suppose 4*s - 5*x + 2*x = 6799, 5*x + 1687 = s. List the prime factors of s.
2, 23, 37
Suppose 0 = v + r - 1177, 2*v + 5899 = 7*v - 2*r. List the prime factors of v.
3, 131
Suppose 5*d + 0*d = 2*l - 32, -5*l + 53 = d. Let c(j) = j + 17. List the prime factors of c(l).
2, 7
Let m be (15/(-30))/((-2)/8). List the prime factors of 1 - m/(4/(-2)).
2
Suppose -5*q - 9*a = -6*a + 355, -4*q + 5*a = 247. List the prime factors of (q/(-6))/((-2)/60*-2).
2, 5, 17
Let j = -2 + 5. Suppose -j*r + 7 = 1. What are the prime factors of 22 - (r + -2 + 3)?
19
Suppose -23*n = -29*n + 6780. What are the prime factors of n?
2, 5, 113
Let r = -742 - -1478. List the prime factors of r.
2, 23
Let c be 10/(-4)*(-36)/30. Suppose c*v - p = -0*v + 169, 0 = 3*p - 6. List the prime factors of v.
3, 19
Let x(s) = 3*s + 2 - 8*s + 2*s + 14*s. List the prime factors of x(4).
2, 23
Suppose -17*w + 18*w + 41 = 0. Let b = 81 + w. What are the prime factors of b?
2, 5
Let q be -2 - ((-6)/(-2) - (-17 + -2)). Let z = q - -96. What are the prime factors of z?
2, 3
Let t(h) = 28*h - 24. What are the prime factors of t(10)?
2
Let b = -2072 + 3080. What are the prime factors of b?
2, 3, 7
Let u = 384 + 2169. What are the prime factors of u?
3, 23, 37
Suppose -4*a = 3*d - 1676, -750 = -3*d + a + 901. List the prime factors of d.
2, 3, 23
Suppose -2*h - r + 113 = -0, -4*r = 3*h - 162. List the prime factors of h.
2, 29
Suppose 0 = 27*w - 77*w + 55150. List the prime factors of w.
1103
Let x be (-27)/18*(-2)/3. Let v be 196 + 5 - (x - 2). List the prime factors of (-2)/11 - v/(-22).
3
Suppose 2*r + 357 = 33*n - 28*n, 3*n - 5*r = 218. List the prime factors of n.
71
Suppose 5*x + 0*x - 35 = 0. Suppose 2*z - x*z = 30. Let l(q) = -q**3 - 4*q**2 + 9*q + 4. What are the prime factors of l(z)?
2, 11
List the prime factors of 2013 + (-10)/(-20)*12.
3, 673
Let m(x) = 15*x - 16. Let o = 39 + -32. What are the prime factors of m(o)?
89
List the prime factors of ((-2756)/5)/((102/45)/(-17)).
2, 3, 13, 53
Suppose 2*w = 3*n + 9, 4*w = -5*n - 11 - 4. Suppose -2*m = -5*j - 205 + 43, 4*j + 16 = w. What are the prime factors of m?
71
Let z = -609 - -1056. List the prime factors of z.
3, 149
Suppose 5*j = 20, 5*r - 1017 = -5*j - 152. What are the prime factors of r?
13
Let h be (-4)/(-24)*3*0. Suppose 0*y - 413 = -5*b + 2*y, -3*b - y + 250 = h. List the prime factors of b.
83
List the prime factors of (99/(-44))/(1/(-408)).
2, 3, 17
Suppose -2 = 5*t - 6*t. Suppose -b + 3*p - 6 = 0, 5*b - t*b = 3*p. Suppose b - 21 = -3*h. What are the prime factors of h?
2, 3
Let b(d) = -d**3 - 3*d**2 - 41*d + 24. What are the prime factors of b(-11)?
3, 13, 37
Let i = 1658 + 2173. List the prime factors of i.
3, 1277
Let n(y) = -31*y**3 - 3*y + 3. Let d be n(1). Suppose 0*r - 4*r = 4*m - 320, -3*r = -9. Let a = m + d. What are the prime factors of a?
2, 23
Suppose -4*h + 12 = -8*h. What are the prime factors of 19*h/12*-4?
19
Let f be -3 + 10/(-45) + 58/18. Suppose -3*b = 3*o - 38 - 19, f = o - 4. What are the prime factors of b?
3, 5
Suppose -965 = -5*t - 375. Let f = 202 - t. Suppose f = 3*s + s. List the prime factors of s.
3, 7
Suppose -8*f = -6*f + 178. Let w = -33 - f. List the prime factors of w.
2, 7
Let t be (-3)/(((-1)/1)/(1 + 2)). Let u(v) = 3*v + 3. List the prime factors of u(t).
2, 3, 5
What are the prime factors of (174860/168)/((-15)/18 - -1)?
5, 1249
Let t = -796 - -2502. List the prime factors of t.
2, 853
Let i(h) = 4*h - 4. Let x be i(-4). Let p(w) = -w**3 - 19*w**2 + 14*w - 8. What are the prime factors of p(x)?
2, 7
Let y = 14 - 7. Let x(w) = 2 + y*w + 0*w**2 + 4*w**2 + 5. List the prime factors of x(-4).
43
Let w = -6 + 10. Suppose -w*p + 0*p + 100 = 0. What are the prime factors of p?
5
Let z be 2/(-9) - 14/(-63). Suppose -2*j + 5*l + 9 = -11, z = 3*j + l + 4. Suppose j = -3*v + v + 34. List the prime factors of v.
17
List the prime factors of (19 - (11 + -4))*139.
2, 3, 139
Suppose -9528 = -7*d - 162. List the prime factors of d.
2, 3, 223
Let x(p) = p**3 - 5*p**2 + p - 2. Let f be x(5). Suppose -u - 29 = -o, f*o + 3*u = 7*u + 86. What are the prime factors of 4/(((-21)/o)/(-7))?
2, 5
Suppose 27*n - 10241 = 26317. What are the prime factors of n?
2, 677
Suppose 22*i = 11978 + 5292. List the prime factors of i.
5, 157
Let c(u) = u**3 - u**2 + 4*u - 3. Let r be c(3). Let i = r - -13. What are the prime factors of i?
2, 5
Let u = -8 + 11. Let v(n) = 3*n - 6. Let i be v(u). Suppose -i*r + 20 = -r. What are the prime factors of r?
2, 5
Suppose 4*f - 6*f = 3*f. Suppose -3*v + 265 = 2*t - 7, f = -4*v + 3*t + 391. List the prime factors of v.
2, 47
Let s = 2765 - 1478. List the prime factors of s.
3, 11, 13
Suppose 0*s + 117 = 3*s. Let i = s - -10. List the prime factors of i.
7
Suppose 0 = -2*z + 4*z - 1882. Suppose -317 = 4*n - z. Suppose -n = -4*c - 40. What are the prime factors of c?
29
Suppose 0 = -5*f + 98 + 1202. Let w be f/(-36) + (-2)/(-9). Let c(q) = q + 13. What are the prime factors of c(w)?
2, 3
Let